56. Is q composite?
False
Let p be (-1)/((-12)/126477) + 2/8. Suppose -p - 1648 = -4*c. Is c a composite number?
True
Suppose -410857 + 1136226 = 15*n - 380896. Is n composite?
False
Suppose 3*x + 12144 = x + 230498. Is x prime?
False
Suppose -3*p + 5*p - 2 = c, -2*c + 17 = 3*p. Suppose c*d - 3*d + 31 = 2*a, 0 = -a + 5*d + 29. Is 578*1*a/28 a prime number?
False
Let g(y) = -y**3 + 17*y**2 - 8. Let j be g(-10). Let n = j - 743. Is n a prime number?
True
Let p be (8/(-6))/2 + 210/45. Let y(r) = 6 - 1 + 9*r - p*r + 50*r**2 + 27*r**2. Is y(-3) prime?
True
Is 7 - -2 - (-351240)/240*308*1 prime?
True
Suppose 2*j + 4*z - 12706 = 0, -4*j = -8*j - 5*z + 25412. Is j a prime number?
True
Let k be (0 - 2) + -5*(2 - 4). Let m be 180603/12 - 2/k. Is (-6)/(-8) + m/40 + 2 prime?
True
Let u(i) = -22*i - 11. Let q be u(-9). Let t be (-85)/(q/47 - 4). Suppose -2*y + 5*z + 1769 = 0, -3*z + t = 4*y + 496. Is y composite?
False
Let o = 193 + -187. Suppose 13*c + o*c - 129143 = 0. Is c composite?
True
Let m be ((-5)/(-2) - -2)/(9/15858). Suppose 2*y + 4*s - 3174 = 0, -3*s = -5*y - 7*s + m. Is y*2*(1 + (-2)/4) a composite number?
True
Suppose -28*o = -4328764 + 155448. Is o composite?
True
Let x(o) = 121*o**2 - 68*o + 29. Is x(-30) a prime number?
True
Let z = -27347 - -6757. Let c = 993 - z. Is c prime?
False
Let l(t) be the second derivative of 10*t**4/3 - t**3 + 3*t**2/2 + 41*t. Is l(4) prime?
True
Is (18/21*1)/((-42)/(-557571)) a prime number?
False
Let j(o) be the first derivative of 43*o**4/4 - 3*o**3 - o**2 + 7*o + 67. Is j(5) a prime number?
True
Suppose -2*l - 20 = 20. Let j = l + 22. Suppose j*w + a - 4386 = -3*w, 4*w - 3506 = 2*a. Is w a prime number?
True
Suppose 0 = 19*c + 351 - 28528. Suppose 11*z - 1102 - c = 0. Is z a prime number?
False
Suppose 4860 = -7*z + 58907. Is z prime?
False
Is (1 - -39578) + (36/(-16) - 24/(-96)) composite?
True
Let t be (-40 + 46)/(1 + 1). Suppose -3*y = 2*l - 104525, 3*y + t*l - 52325 = 52201. Is y a composite number?
False
Suppose 5*o - 5*a - 88720 = 0, 13*o - 14*o + 5*a = -17736. Suppose -7*f + 25367 = -o. Is f composite?
True
Let o be (5*(-2)/4)/((-5)/270). Let y = o + 571. Is y a composite number?
True
Let y be -14 + 4 - 6/(-3). Is (y*(-2)/16)/(1/1087) a prime number?
True
Let l(a) = 91*a + 11. Suppose -5 - 55 = u. Let d be ((-72)/u)/((-2)/(-10)). Is l(d) composite?
False
Let f(m) = -m**3 + 20*m**2 - 26*m - 30. Let j be f(19). Let t = -1 - j. Let u = 367 - t. Is u composite?
True
Suppose -23*a - 11 = -12*a. Is 1618*(-39)/(-26) + 0 + a a composite number?
True
Let h be 8854*(-1 - 2)*(-6)/4. Let r = h - 28186. Is r composite?
False
Suppose -2*x = d - 142412 - 107957, 751079 = 3*d - x. Is d composite?
False
Let b(c) = -3087*c + 50. Let r(x) = 3089*x - 48. Let h(j) = 2*b(j) + 3*r(j). Is h(5) a composite number?
True
Suppose 289747 = 5*h + 2*f, 554*h - 559*h = 5*f - 289750. Is h prime?
False
Suppose 3*g + 15 = 27. Let p be (g - -5) + 1 - 2. Suppose 3*d + 5035 = p*d. Is d a composite number?
True
Let a(c) = -c - 6 - 7*c**2 + 4*c**2 + 7. Let u be a(1). Is (6927/(-12))/(-2*u/(-24)) a composite number?
False
Let l(g) = -15 + 4 + 62*g - 10. Suppose -5*w - 13 = c, -5*c - 21*w + 16*w = -15. Is l(c) prime?
False
Is 165/66 - 102078/8*-6 composite?
False
Suppose 3*m - 9 = 0, -5*o + 2*m = -m - 11166. Let t = -74 + o. Is t a prime number?
True
Suppose 6*z - z + 8 = v, 0 = 3*v - 3*z - 12. Is (-6 - -4)*v/2 - -6860 a composite number?
False
Let f(n) = -n**3 + 10*n**2 + 11*n + 4. Let h be f(11). Suppose 0 = 2*l + 3*l - 5, -h*l = -5*g - 74629. Is ((-2)/(-6) - g/(-36))*-4 a composite number?
False
Is -908274*4*16/(-192) prime?
False
Suppose 0 = 4*s - 21 - 11. Let x(r) = r - 2. Let o be x(4). Suppose -3*d + o*j - 3*j = -172, 0 = -4*j - s. Is d composite?
True
Suppose -21*q - 725805 = -66*q. Is q a prime number?
False
Let r(p) = 113*p + 21. Let i be r(21). Suppose 598 + i = 16*d. Is d a composite number?
True
Let b(z) = 7159*z + 98. Let s be b(6). Let j = -28057 + s. Is j a prime number?
False
Is 4757213/355*(-6*(-3)/6 + 2) a prime number?
True
Let v(a) = a**3 - 25*a**2 + a - 25. Let f be v(25). Suppose f = -4*m - 2*l + l + 25, -10 = -2*l. Suppose m*i - 4180 - 1390 = -b, b = 3*i - 3350. Is i composite?
True
Let c(x) = 2656*x - 105. Is c(14) composite?
True
Let g = -1705760 + 2632501. Is g prime?
True
Suppose 4*q + 687533 = -a, -2*a + 5*q = 1399115 - 24075. Is a/(-95) + (-8)/76 + 0 a composite number?
False
Let t = 256 + -266. Let l(k) = k**3 + 15*k**2 + 11*k + 1. Is l(t) composite?
True
Let k be (4428 + 7)*(-16)/(-10). Let f = 11423 - k. Is f a prime number?
True
Suppose 4*x - 3*k - 560 = 0, x - 132 = k + 8. Let i = x - 275. Let n = 959 - i. Is n prime?
False
Is 457308250/5887 + (-2)/58 a prime number?
True
Let c = -38 - -42. Suppose -c*i = -5*i + 1. Suppose -a + 4 = i, 0 = d - 5*a. Is d a composite number?
True
Let q(h) = 473*h**2 + 64*h - 329. Is q(32) composite?
False
Suppose 2*m + 3*a + 83 = 0, 0*m - 3*m + 3*a - 117 = 0. Let i = m + 44. Suppose 5*z = -2*f + i*f - 1274, z - 3239 = -5*f. Is f prime?
True
Is 1329825/27 + (-175)/63 + 3 a prime number?
True
Let c = -29190 - -74639. Is c composite?
True
Let c(h) = -2537*h - 29. Let a(r) = 1268*r + 15. Let y(u) = 11*a(u) + 6*c(u). Is y(-4) composite?
False
Suppose 4*l - 725694 = -n, 3*n + 951470 = 5*l + 44361. Is l prime?
False
Suppose 17*w - 986731 = -0*w. Is w a composite number?
False
Let q = 63324 + 13607. Is q a composite number?
True
Let m(f) = f**3 - 5*f**2 - 2*f - 5. Suppose t - 3 + 0 = 2*z, -3*z = 3*t + 18. Let d be (-2 - (0 + z)) + 10/2. Is m(d) composite?
False
Let k = -66666 + 137827. Is k composite?
False
Let v(c) = -13*c**2 - 33*c - 4. Let z(m) = 7*m**2 + 17*m + 2. Let f(k) = 6*v(k) + 11*z(k). Let t be f(-9). Suppose 12*l - t*l = -136. Is l a prime number?
False
Suppose -4 = -g - 4*h, 0*h + 2*h = 3*g + 2. Suppose g = 4*i - 13 - 499. Suppose m - i = 63. Is m composite?
False
Suppose 2*b + 3*x - 4 - 3 = 0, -15 = -3*x. Let h be b/(-10) + 52476/60. Let a = 780 + h. Is a a composite number?
True
Suppose -5*l + 3193204 = 3*y - 1899449, 4*y - 3*l - 6790204 = 0. Is y prime?
True
Let b be 1916*1/(-8)*-4. Let n(k) = -b*k - 7 - 1 + 6 + 1. Is n(-2) composite?
True
Suppose -6*h + 74 - 2 = 0. Let u be 3*(6328/h)/7. Let o = u - 65. Is o composite?
True
Is ((-37)/(-3) + -1)*(-18)/(-180)*96735 prime?
False
Suppose 5*f - 162716 = -2*s + 322045, -20 = 4*f. Is s a composite number?
False
Is ((-182104556)/(-218))/(3 - (-2 + 3)) composite?
False
Suppose 3*v - 71 = -2*n, 5*n - 5 - 10 = -v. Suppose 4*k = 5*r + 17574 + 4455, -5*r = v. Is k prime?
True
Let l be ((-128)/(-224))/(2/14). Is ((-4203)/6 + l)*-2 a composite number?
True
Let w(c) = -227*c - 8. Let a(p) = p**2 + 9*p + 20. Let d be a(-5). Suppose 21 = -2*l + 3*n, -11 = -3*l - 4*n - d*n. Is w(l) prime?
True
Let w(z) = 109*z**2 - 32*z - 5. Let b be w(13). Suppose b = 6*l - 37734. Is l a prime number?
False
Suppose -4*h - 9 = -5*d, -4*h + h = 2*d - 22. Suppose h = 3*t - q + 10, -4*t - 19 = -5*q. Is (6/9)/((-1579)/1581 - t) composite?
True
Let x(w) be the third derivative of -w**5/60 - 5*w**4/8 - 15*w**3/2 + 27*w**2. Let i be x(-8). Suppose 0 = i*q - 30155 + 7726. Is q a composite number?
False
Let i = 994152 - 22373. Is i composite?
True
Let y(w) = 47613*w - 68. Is y(3) composite?
False
Suppose 3*k - 33*k + 90 = 0. Suppose 2*n - k*f = 18365, 0 = n + 5*f - f - 9177. Is n prime?
True
Suppose -3*b + 0*b + 3*r - 705 = 0, -2*b - 470 = -3*r. Let d = b - -365. Let k = -21 + d. Is k a prime number?
True
Let a = 272789 + 99746. Is a a prime number?
False
Is (31708*(-9)/(-48))/((-12)/(-2512)) composite?
True
Suppose 5*f = 6*f + o + 71, 3*o + 9 = 0. Is 6092/10*(-170)/f a prime number?
True
Let h(g) = 302*g**2 + g - 4. Let a be 2/(2 + 16/(-6)). Let n be h(a). Suppose -n = -5*m + 2*m - 5*k, -5*k = 2*m - 1804. Is m composite?
False
Suppose 4*k + 14*k = -90. Let t(o) be the second derivative of -o**5/4 - 5*o**4/12 - 4*o**3/3 - 21*o**2/2 + 2*o. Is t(k) prime?
False
Suppose 7*v + 24 = 3. Let l(c) be the third derivative of -197*c**4/12 + 7*c**3/6 - c**2. Is l(v) a composite number?
True
Is 30/(-40) + 191294/8 + -5 a prime number?
False
Is (-1)/15*(-140)/56 + (-7946886)/(-36) composite?
False
Suppose -4*l - 267611 = 113*r - 116*r, -3*r - l + 267586 = 0. Is r composi